{"id":76065,"date":"2025-10-15T15:25:08","date_gmt":"2025-10-15T13:25:08","guid":{"rendered":"https:\/\/www.espacebamboo.be\/?page_id=76065"},"modified":"2025-10-15T18:36:34","modified_gmt":"2025-10-15T16:36:34","slug":"boutique","status":"publish","type":"page","link":"https:\/\/www.espacebamboo.be\/index.php\/boutique\/","title":{"rendered":"Boutique"},"content":{"rendered":"\t\t<div data-elementor-type=\"wp-page\" data-elementor-id=\"76065\" class=\"elementor elementor-76065\" data-elementor-post-type=\"page\">\n\t\t\t\t<div class=\"elementor-element elementor-element-6d70066 e-con-full e-flex e-con e-parent\" data-id=\"6d70066\" data-element_type=\"container\" data-settings=\"{&quot;background_background&quot;:&quot;classic&quot;}\">\n\t\t<div class=\"elementor-element elementor-element-9386962 e-flex e-con-boxed e-con e-child\" data-id=\"9386962\" data-element_type=\"container\">\n\t\t\t\t\t<div class=\"e-con-inner\">\n\t\t\t\t<div class=\"elementor-element elementor-element-42e8ea0 elementor-widget elementor-widget-heading\" data-id=\"42e8ea0\" data-element_type=\"widget\" data-widget_type=\"heading.default\">\n\t\t\t\t\t<p class=\"elementor-heading-title elementor-size-default\"><a href=\"https:\/\/www.espacebamboo.be\/index.php\/boutique\/\">Boutique<\/a><\/p>\t\t\t\t<\/div>\n\t\t\t\t<div class=\"elementor-element elementor-element-e1b4303 elementor-widget elementor-widget-heading\" data-id=\"e1b4303\" data-element_type=\"widget\" data-widget_type=\"heading.default\">\n\t\t\t\t\t<h2 class=\"elementor-heading-title elementor-size-default\">Des pi\u00e8ces uniques en c\u00e9ramique<br> artisanale, r\u00e9alis\u00e9es sur place, sont <br>disponibles \u00e0 la vente.<br>\nVenez d\u00e9couvrir nos objets<br> po\u00e9tiques et faits main.<\/h2>\t\t\t\t<\/div>\n\t\t\t\t<div class=\"elementor-element elementor-element-086ae8d elementor-widget elementor-widget-spacer\" data-id=\"086ae8d\" data-element_type=\"widget\" data-widget_type=\"spacer.default\">\n\t\t\t\t\t\t\t<div class=\"elementor-spacer\">\n\t\t\t<div class=\"elementor-spacer-inner\"><\/div>\n\t\t<\/div>\n\t\t\t\t\t\t<\/div>\n\t\t\t\t<div class=\"elementor-element elementor-element-498a858 elementor-widget elementor-widget-heading\" data-id=\"498a858\" data-element_type=\"widget\" data-widget_type=\"heading.default\">\n\t\t\t\t\t<p class=\"elementor-heading-title elementor-size-default\">Sur rendez-vous<\/p>\t\t\t\t<\/div>\n\t\t\t\t<div class=\"elementor-element elementor-element-d02e662 elementor-widget elementor-widget-heading\" data-id=\"d02e662\" data-element_type=\"widget\" data-widget_type=\"heading.default\">\n\t\t\t\t\t<p class=\"elementor-heading-title elementor-size-default\">Juana Kelsey<\/p>\t\t\t\t<\/div>\n\t\t\t\t<div class=\"elementor-element elementor-element-b53c9d9 elementor-widget elementor-widget-heading\" data-id=\"b53c9d9\" data-element_type=\"widget\" data-widget_type=\"heading.default\">\n\t\t\t\t\t<p class=\"elementor-heading-title elementor-size-default\"><a href=\"tel:+32486314622\">+32 486 31 46 22<\/a><\/p>\t\t\t\t<\/div>\n\t\t\t\t\t<\/div>\n\t\t\t\t<\/div>\n\t\t\t\t<\/div>\n\t\t\t\t<\/div>\n\t\t","protected":false},"excerpt":{"rendered":"<p>Boutique Des pi\u00e8ces uniques en c\u00e9ramique artisanale, r\u00e9alis\u00e9es sur place, sont disponibles \u00e0 la vente. Venez d\u00e9couvrir nos objets po\u00e9tiques et faits main. Sur rendez-vous Juana Kelsey +32 486 31 [&hellip;]<\/p>\n","protected":false},"author":49,"featured_media":0,"parent":0,"menu_order":0,"comment_status":"closed","ping_status":"closed","template":"","meta":{"footnotes":""},"class_list":["post-76065","page","type-page","status-publish","hentry"],"_links":{"self":[{"href":"https:\/\/www.espacebamboo.be\/index.php\/wp-json\/wp\/v2\/pages\/76065","targetHints":{"allow":["GET"]}}],"collection":[{"href":"https:\/\/www.espacebamboo.be\/index.php\/wp-json\/wp\/v2\/pages"}],"about":[{"href":"https:\/\/www.espacebamboo.be\/index.php\/wp-json\/wp\/v2\/types\/page"}],"author":[{"embeddable":true,"href":"https:\/\/www.espacebamboo.be\/index.php\/wp-json\/wp\/v2\/users\/49"}],"replies":[{"embeddable":true,"href":"https:\/\/www.espacebamboo.be\/index.php\/wp-json\/wp\/v2\/comments?post=76065"}],"version-history":[{"count":22,"href":"https:\/\/www.espacebamboo.be\/index.php\/wp-json\/wp\/v2\/pages\/76065\/revisions"}],"predecessor-version":[{"id":76159,"href":"https:\/\/www.espacebamboo.be\/index.php\/wp-json\/wp\/v2\/pages\/76065\/revisions\/76159"}],"wp:attachment":[{"href":"https:\/\/www.espacebamboo.be\/index.php\/wp-json\/wp\/v2\/media?parent=76065"}],"curies":[{"name":"wp","href":"https:\/\/api.w.org\/{rel}","templated":true}]}}